53
List the prime factors of 81611036.
2, 13, 1569443
List the prime factors of 547573051.
43, 53, 97, 2477
What are the prime factors of 88430525?
5, 401, 8821
List the prime factors of 100333815.
3, 5, 1091, 6131
List the prime factors of 29368344.
2, 3, 269, 4549
What are the prime factors of 1281186818?
2, 47, 101, 134947
What are the prime factors of 781308257?
781308257
List the prime factors of 19192210.
2, 5, 233, 8237
What are the prime factors of 91160851?
17, 5362403
List the prime factors of 144002546.
2, 17, 1447, 2927
List the prime factors of 94412674.
2, 173, 353, 773
List the prime factors of 344102893.
29, 11865617
List the prime factors of 1441046509.
7, 205863787
What are the prime factors of 174739261?
174739261
List the prime factors of 4144974.
2, 3, 17, 40637
List the prime factors of 41881956.
2, 3, 1163, 3001
List the prime factors of 1649900174.
2, 13, 63457699
What are the prime factors of 4201117783?
71, 59170673
What are the prime factors of 28724588?
2, 7181147
What are the prime factors of 54855914?
2, 27427957
List the prime factors of 289990429.
289990429
List the prime factors of 67314996.
2, 3, 7, 89041
List the prime factors of 439370335.
5, 47, 421, 4441
What are the prime factors of 1698957949?
13, 130689073
What are the prime factors of 3435289811?
3433, 1000667
What are the prime factors of 74713133?
11, 241, 28183
List the prime factors of 55042156.
2, 13, 1058503
What are the prime factors of 233599818?
2, 3, 31, 1255913
List the prime factors of 138923942.
2, 69461971
List the prime factors of 1791169005.
3, 5, 2213, 53959
List the prime factors of 2033973650.
2, 5, 239, 170207
List the prime factors of 166898749.
37, 53, 85109
What are the prime factors of 15209260?
2, 5, 11, 257, 269
List the prime factors of 1921409707.
7, 39212443
List the prime factors of 1681222464.
2, 3, 59, 61, 811
List the prime factors of 13793279.
1997, 6907
List the prime factors of 53062086.
2, 3, 7, 11, 43, 2671
What are the prime factors of 119765709?
3, 7, 181, 389
What are the prime factors of 24491391?
3, 41, 83, 2399
List the prime factors of 77874502.
2, 19, 67, 73, 419
What are the prime factors of 105443464?
2, 7, 19, 113, 877
What are the prime factors of 160538657?
19, 41, 206083
List the prime factors of 28587522.
2, 3, 541, 8807
What are the prime factors of 331663463?
1657, 200159
What are the prime factors of 2648920707?
3, 294324523
What are the prime factors of 113997514?
2, 139, 410063
List the prime factors of 4670050750.
2, 5, 67, 278809
What are the prime factors of 16457533?
16457533
List the prime factors of 1495035775.
5, 683, 87557
List the prime factors of 78209393.
151, 157, 3299
List the prime factors of 650552810.
2, 5, 97, 670673
List the prime factors of 1920832688.
2, 307, 391049
List the prime factors of 336462981.
3, 112154327
List the prime factors of 1072310492.
2, 11, 24370693
List the prime factors of 183823156.
2, 11, 4177799
List the prime factors of 40863645.
3, 5, 908081
List the prime factors of 3291842483.
38119, 86357
What are the prime factors of 588365735?
5, 5051, 23297
List the prime factors of 28437755.
5, 5687551
List the prime factors of 116222954.
2, 58111477
List the prime factors of 116826797.
37, 3157481
What are the prime factors of 651549257?
571, 1141067
What are the prime factors of 86560121?
5483, 15787
List the prime factors of 201768910.
2, 5, 7, 2882413
What are the prime factors of 694845025?
5, 7, 73, 109, 499
What are the prime factors of 285412368?
2, 3, 677, 8783
What are the prime factors of 103221441?
3, 1973, 5813
What are the prime factors of 1267585597?
13399, 94603
List the prime factors of 15864060.
2, 3, 5, 17, 103, 151
What are the prime factors of 768110215?
5, 153622043
List the prime factors of 2105440338.
2, 3, 3559, 98597
List the prime factors of 2422213584.
2, 3, 7, 17, 37, 73, 157
List the prime factors of 52337916.
2, 3, 1453831
What are the prime factors of 795412734?
2, 3, 151, 877939
What are the prime factors of 4767468763?
17, 653, 429463
List the prime factors of 65777178.
2, 3, 10962863
List the prime factors of 415569236.
2, 6551, 15859
List the prime factors of 1588335593.
13, 37, 3302153
List the prime factors of 180755823.
3, 31, 83, 23417
List the prime factors of 953587.
83, 11489
List the prime factors of 278925677.
278925677
List the prime factors of 210787117.
59, 3572663
List the prime factors of 34227503.
31, 1104113
What are the prime factors of 904292420?
2, 5, 3823, 11827
List the prime factors of 41644527.
3, 13881509
List the prime factors of 1017800519.
1017800519
What are the prime factors of 329705328?
2, 3, 19, 97, 3727
List the prime factors of 1324357540.
2, 5, 11, 47, 263, 487
List the prime factors of 757676426.
2, 13, 43, 337, 2011
List the prime factors of 399179781.
3, 7, 11, 13, 59, 751
What are the prime factors of 143319286?
2, 11, 139, 46867
What are the prime factors of 5114140?
2, 5, 37, 6911
What are the prime factors of 251469392?
2, 1637, 9601
What are the prime factors of 48173345?
5, 11, 541, 1619
What are the prime factors of 317067540?
2, 3, 5, 71, 263, 283
List the prime factors of 488178332.
2, 122044583
What are the prime factors of 2377084517?
17, 7211, 19391
List the prime factors of 2431004544.
2, 3, 2110247
List the prime factors of 4395595544.
2, 317, 1733279
List the prime factors of 26340211.
269, 97919
What are the prime factors of 1559345224?
2, 53, 3677701
What are the prime factors of 263450181?
3, 19, 29, 47, 3391
What are the prime factors of 257913698?
2, 7, 17, 41, 26431
What are the prime factors of 89967575?
5, 3598703
What are the prime factors of 75991527?
3, 47, 19961
What are the prime factors of 374986640?
2, 5, 7, 337, 1987
List the prime factors of 114691465.
5, 7, 353, 9283
What are the prime factors of 1152205908?
2, 3, 7, 13716737
List the prime factors of 129033059.
23, 59, 95087
List the prime factors of 914556906.
2, 3, 19, 41, 7247
What are the prime factors of 47220543?
3, 17, 102877
List the prime factors of 1149582337.
3529, 325753
List the prime factors of 842666618.
2, 421333309
What are the prime factors of 1563773613?
3, 47, 61, 181813
What are the prime factors of 57890336?
2, 7, 109, 2371
What are the prime factors of 587434465?
5, 117486893
List the prime factors of 54464124.
2, 3, 11, 13, 17, 1867
List the prime factors of 6915626043.
3, 269, 277, 30937
What are the prime factors of 594586742?
2, 2447, 121493
What are the prime factors of 4353393?
3, 11, 29, 4549
What are the prime factors of 25838231?
281, 91951
What are the prime factors of 758953403?
13, 29, 59, 149, 229
List the prime factors of 351284293.
19, 197, 93851
List the prime factors of 104671909.
2857, 36637
What are the prime factors of 96343516?
2, 24085879
What are the prime factors of 1282042526?
2, 37, 1753, 9883
List the prime factors of 580584835.
5, 1753, 66239
What are the prime factors of 161951412?
2, 3, 7, 1927993
What are the prime factors of 46681145?
5, 7, 23, 103, 563
List the prime factors of 75897264.
2, 3, 1581193
List the prime factors of 463165185.
3, 5, 7, 19, 179, 1297
What are the prime factors of 512695811?
512695811
What are the prime factors of 760217411?
760217411
What are the prime factors of 1036360817?
17, 1307, 46643
List the prime factors of 118092119.
113, 1045063
What are the prime factors of 4064156298?
2, 3, 71, 599, 5309
List the prime factors of 810047805.
3, 5, 7, 19, 151, 2689
List the prime factors of 406399432.
2, 50799929
What are the prime factors of 1157296377?
3, 3907, 98737
List the prime factors of 129408656.
2, 13, 622157
List the prime factors of 23545809.
3, 7, 131, 317
What are the prime factors of 4117797324?
2, 3, 17, 27689
What are the prime factors of 1730928884?
2, 432732221
What are the prime factors of 426799905?
3, 5, 7, 431, 9431
What are the prime factors of 444246454?
2, 6203, 35809
What are the prime factors of 2111121?
3, 127, 1847
List the prime factors of 1301780641.
7, 103, 1805521
List the prime factors of 1637005232.
2, 102312827
List the prime factors of 147112622.
2, 1091, 67421
What are the prime factors of 94773588?
2, 3, 7, 13, 59, 1471
List the prime factors of 25874247.
3, 7, 809, 1523
What are the 